he second derivative of m**3/2 - 3*m**2 - 4*m. What are the prime factors of p(3)?
3
Suppose 252 = -5*u - o, o - 192 = 4*u - 3*o. Let k = 2 + 2. What are the prime factors of 12/(-15)*u/k?
2, 5
What are the prime factors of (-3)/6 - (-38)/4?
3
Suppose -5*h + 64 = -h. List the prime factors of h.
2
Suppose 0 = -k + 4*w + 12, k + 5*w = -3*k + 6. Suppose -2*t - 68 = -5*x, -3*x + 1 + 19 = k*t. List the prime factors of x.
2, 3
Suppose x - 6*x = -15. Suppose x*a - 70 = a. What are the prime factors of a?
5, 7
Let k = 136 - 89. What are the prime factors of k?
47
Suppose y = 7*y - 30. What are the prime factors of y?
5
Let h(j) = 2*j**2 - 10*j + 11. List the prime factors of h(6).
23
Suppose 1037 = 3*y - f, -5*y - f + 1710 = f. What are the prime factors of y?
2, 43
Suppose 0 = -u - 4*c + 129, -u + 156 - 19 = -4*c. What are the prime factors of u?
7, 19
Let l(n) = n**3 - n**2 + 2. Let k be l(0). Suppose 0 = 3*r + 15, 2*r - 7 - 3 = -k*v. List the prime factors of v.
2, 5
Let f(d) = -d + 5. Let l = -7 - -12. Let k be f(l). List the prime factors of (1 + k)*(1 + 10).
11
Let s(h) = 3*h + 6. Let l be s(9). Let v(t) = -t**3 + 5*t**2 - 5. Let f be v(4). Suppose -l - f = -2*j. List the prime factors of j.
2, 11
Suppose 205 = 4*c + c. Suppose -82 = -2*i - q, -3*q - 139 = -2*i - c. List the prime factors of i.
43
List the prime factors of 4/14 + (-220)/(-14).
2
What are the prime factors of (2 + -1)/((-4)/284*-1)?
71
Let j(d) = d**2 + d + 2. Let y be j(-2). Let m(z) = 8*z + 1. Let x be m(y). Suppose 4*a - w - 45 = -6*w, -3*a + x = 4*w. What are the prime factors of a?
3, 5
Suppose -2*b + d + 84 = 0, 52 + 158 = 5*b - 4*d. What are the prime factors of b?
2, 3, 7
Suppose 4*n = -4*h - 0*n - 664, -n - 655 = 4*h. What are the prime factors of 3/12 - h/4?
41
Let b = -16 - -30. What are the prime factors of b - (3 + -3)/(-1)?
2, 7
Suppose -3*b + 63 = f - 726, 5*b - 3*f = 1329. List the prime factors of b.
2, 3, 11
Suppose 0 = -0*p + 4*p - 1012. List the prime factors of p.
11, 23
Suppose 2 = -3*f + 14. Suppose -f*s + 81 = 21. What are the prime factors of s?
3, 5
Let q(r) = 169*r**3 - r**2 + r. What are the prime factors of q(1)?
13
Let m(a) = a**3 + 5*a**2 + 2*a + 12. Let u be m(-5). Let r = -15 - -34. Let h = r - u. List the prime factors of h.
17
Suppose -w + 219 = 2*i, i + 2*i + w - 329 = 0. What are the prime factors of i?
2, 5, 11
Let c = -50 - -33. Let b = 6 - c. Let o = 37 - b. What are the prime factors of o?
2, 7
Let z = -1 + 8. Let o(g) = -g - 1. Let w(k) = -k**2 + 4*k - 8. Let j(p) = -5*o(p) + w(p). What are the prime factors of j(z)?
11
Suppose -5*q = -2*o + 10, 3*q + 3*o + 4 = -2. Let j(i) = 3*i + 2. Let c(z) = -z - 1. Let x(m) = -7*c(m) - 4*j(m). List the prime factors of x(q).
3
Let w be 8/((2 + -1)/4). Suppose 3*k - w = l, -5*k - 2*l + 92 - 24 = 0. List the prime factors of k.
2, 3
Let d(b) = -b**3 + b**2 + 3*b - 2. Suppose -3*i = 3, -3*a = -3*i - i - 10. Let t be d(a). Suppose -4*n - n + 55 = t. What are the prime factors of n?
11
Suppose -b + 6*b - 39 = 2*i, -4*i = 3*b - 13. Suppose -4*d - 53 = b. Let w = 27 + d. What are the prime factors of w?
2, 3
Let t = -391 + 630. What are the prime factors of t?
239
Let p(i) = -5*i**2 - 4*i + 5. Let z(g) = -6*g**2 - 5*g + 4. Let b(k) = 5*p(k) - 4*z(k). Suppose -6*y = -2*y. List the prime factors of b(y).
3
Let v be ((-6)/15)/((-1)/85). Suppose 4*z - v = -3*a, z + 5 + 0 = 0. Suppose -4*i + a = -14. What are the prime factors of i?
2
Let c = -19 + 78. List the prime factors of c.
59
Suppose -4*m = 3*v - 38 - 544, 2*m - 766 = -4*v. List the prime factors of v.
2, 5, 19
Let t = -34 - -49. List the prime factors of t.
3, 5
Suppose -11 - 19 = -3*l. List the prime factors of l.
2, 5
Let o(b) = 24*b + 7. What are the prime factors of o(4)?
103
List the prime factors of (-14)/(-21) + (-202)/(-3).
2, 17
Suppose -4*u + 270 - 30 = 0. What are the prime factors of u?
2, 3, 5
Let v(m) = -m + 5. Let h be v(5). Suppose h = 3*c + r + 32, -4*r = -2*r - 8. List the prime factors of 0 - c - (-1 - -3).
2, 5
Let p(y) = -y**3 - y**2 + y + 1. Let o be p(-1). Let g be 3 + (o - 0) + 2. Suppose -s - 16 = -4*s - 2*m, g*m - 30 = -5*s. What are the prime factors of s?
2
List the prime factors of (-6)/12 - (-113)/2.
2, 7
Let b(o) = -6*o - 6. Suppose 0 = -2*p - 15 - 3. What are the prime factors of b(p)?
2, 3
Let k(p) be the first derivative of -3*p**4/4 - 2*p**3/3 + 2*p + 2. Let x be k(-2). Suppose -2*a = -5*a + x. What are the prime factors of a?
2, 3
Let d = 3 + -1. Let x be (2 - 2)/(-1 + 2). Suppose x = y - d. What are the prime factors of y?
2
Let u(h) = -h**2 - h + 4. Let d be u(0). Let x(a) = 5*a - 2. Let p be x(d). Suppose -i = -3*i + p. What are the prime factors of i?
3
Let g(c) = 2*c**2 + 7*c + 12. Let a be g(-6). Let y = a + -3. What are the prime factors of y?
3, 13
Let k(u) = u. Let w be k(0). Let f(z) = -z**2 + 16. Let j be f(w). Suppose c = -t + j, -15 - 20 = -5*c + 4*t. List the prime factors of c.
11
Let x = 79 - 37. List the prime factors of x.
2, 3, 7
Suppose 0 = -l - 3*t + 6*t - 14, 3*l - 3*t = -12. Suppose -6 = -h - l. Suppose -37 = -4*s - c, c - 65 = -h*s + 6*c. What are the prime factors of s?
2, 5
Let s be 3 + 1 + -1 - -1. List the prime factors of (-12)/16 - (-59)/s.
2, 7
Let v(a) = -a**3 - 4*a**2 - 2*a + 3. Let k be 6/6*(-2 - 1). Let c be v(k). Suppose 0 = -h + d + 7 + 3, -d - 4 = c. List the prime factors of h.
2, 3
Let s be (-36)/(-14) + 15/35. Suppose 0 = -2*c - s*z + 102 - 31, -2*z = -5*c + 206. What are the prime factors of c?
2, 5
Let n(l) = 6 - l**2 - 5*l + 2 + 0. Let k be n(-6). List the prime factors of -1 + (k/(-2) - -12).
2, 5
Let d = -2 - -5. Suppose 3*x - d*v - 11 - 1 = 0, -10 = -2*x + 4*v. What are the prime factors of x?
3
Let f be (8/3*-3)/(-1). Let y be 4/18 - (-3192)/(-27). List the prime factors of 4/16 - y/f.
3, 5
Let g be -1 + 39 + (-4 - -5). Let x = -28 + g. List the prime factors of x.
11
Let p(o) = 2*o**2 - 13. List the prime factors of p(-6).
59
Suppose -4*z = -8, 2*m - 106 - 214 = 5*z. What are the prime factors of m?
3, 5, 11
List the prime factors of 0 + 136 + (5 - 3).
2, 3, 23
Let g be (-8)/(-20) - (-8)/5. List the prime factors of (7 + -3)/(g/4).
2
Let g(t) = -2*t**3 - t**2 - 2*t + 3. What are the prime factors of g(-3)?
2, 3
Let f = -12 - -3. Suppose s + 16 = 1. Let d = f - s. List the prime factors of d.
2, 3
Let w(q) = 3*q - 1. Suppose 0 = -5*k + 3 + 12. What are the prime factors of w(k)?
2
Let b be (5/(-4))/(1/(-8)). Suppose 30 + b = 2*z. List the prime factors of z.
2, 5
Let t = 12 + 0. Let p = -5 + t. Suppose p = 3*d + 1. What are the prime factors of d?
2
Let u = 375 + -191. What are the prime factors of u?
2, 23
Let i = -18 + 134. List the prime factors of i.
2, 29
Suppose -3*n + 279 + 105 = 0. What are the prime factors of n?
2
Suppose m - 72 = -3*m. What are the prime factors of m?
2, 3
Let w(l) = 5 - 8*l - l**2 - 3 + 8. List the prime factors of w(-8).
2, 5
Let h(q) = -5*q + 4. Let j(a) = a**2 - a + 1. Let p(z) = -h(z) + 5*j(z). List the prime factors of p(-1).
2, 3
Let c = 7 + 11. Suppose -s - 2*b = -3, -s + 3*b + c = 2*s. Suppose s*g + 11 = 31. List the prime factors of g.
2
Let u(a) be the second derivative of a**5/30 - a**4/12 - 2*a**3/3 + a**2/2 - 2*a. Let v(p) be the first derivative of u(p). List the prime factors of v(3).
2
Let g be 14*(2 - 9/6). Let z = -2 + 15. Let m = z - g. What are the prime factors of m?
2, 3
Let h(j) = 3*j - 2. Let y be h(2). Suppose 0*v + v - y*k - 12 = 0, -2*v - 6 = 2*k. Suppose -w + 5 = -v. List the prime factors of w.
5
Let p(x) = 3*x**3 - 1. What are the prime factors of p(1)?
2
Let c be 6/(1 - (-5)/(-2)). List the prime factors of (-21)/(-2) - (-2)/c.
2, 5
Let r(f) = -f**3 - 4*f**2 + 3*f - 3. Let j be r(-5). Let q(d) = d**3 - 7*d**2 + 4. Let z be q(j). List the prime factors of z + -3 - (-1 - 1).
3
Let g = -9 - -12. Suppose -g*v + 23 = -37. What are the prime factors of v?
2, 5
Suppose -b + 2 = 6. List the prime factors of (2 - b)*7/2.
3, 7
Let l be ((-48)/28)/(2/(-7)). Suppose -4*q = -q - 4*n - 232, -2*n - 2 = 0. Suppose -2*z = -l*z + q. List the prime factors of z.
19
Suppose -4 - 4 = -x. Let h = -4 + x. List the prime factors of h.
2
Suppose 3 = 3*o - 6. Suppose 3*s - 4*d = 61 + 57, 0 = -o*s - 2*d + 130. What are the prime fa